f 211520.
2, 5, 661
What are the prime factors of 1780437?
3, 593479
List the prime factors of 3938112.
2, 3, 43, 53
What are the prime factors of 222683?
17, 13099
List the prime factors of 128656.
2, 11, 17, 43
List the prime factors of 1132277.
47, 24091
What are the prime factors of 406294?
2, 7, 29021
List the prime factors of 11834848.
2, 71, 5209
What are the prime factors of 16442?
2, 8221
List the prime factors of 26473.
23, 1151
List the prime factors of 407574.
2, 3, 22643
What are the prime factors of 633856?
2, 619
List the prime factors of 6391652.
2, 1597913
What are the prime factors of 23399404?
2, 7, 29, 28817
What are the prime factors of 1364961?
3, 13, 31, 1129
List the prime factors of 319987.
433, 739
What are the prime factors of 170426?
2, 85213
List the prime factors of 317905.
5, 7, 31, 293
What are the prime factors of 7953642?
2, 3, 73, 6053
What are the prime factors of 4478414?
2, 19, 67, 1759
What are the prime factors of 81203?
81203
What are the prime factors of 520304?
2, 31, 1049
What are the prime factors of 25524955?
5, 5104991
List the prime factors of 6328102.
2, 11, 19, 15139
List the prime factors of 1373937.
3, 457979
List the prime factors of 281628.
2, 3, 7823
List the prime factors of 800737.
7, 73, 1567
List the prime factors of 1141277.
1141277
What are the prime factors of 13520548?
2, 3380137
List the prime factors of 1603162.
2, 11, 72871
What are the prime factors of 468808?
2, 58601
What are the prime factors of 320118?
2, 3, 53353
What are the prime factors of 15082119?
3, 13, 14323
List the prime factors of 342771.
3, 11, 13, 17, 47
List the prime factors of 29706877.
29706877
What are the prime factors of 27921411?
3, 7, 163, 2719
What are the prime factors of 1452428?
2, 331, 1097
What are the prime factors of 163451?
79, 2069
What are the prime factors of 2758013?
73, 37781
What are the prime factors of 5214424?
2, 651803
List the prime factors of 211039.
211039
List the prime factors of 1018541.
43, 23687
List the prime factors of 6397804.
2, 7, 41, 5573
What are the prime factors of 841575?
3, 5, 7, 229
What are the prime factors of 10388127?
3, 229, 15121
List the prime factors of 4222691.
11, 103, 3727
List the prime factors of 15482565.
3, 5, 7, 23, 2137
What are the prime factors of 3479024?
2, 217439
What are the prime factors of 20137?
13, 1549
List the prime factors of 4452973.
7, 19, 4783
What are the prime factors of 743470?
2, 5, 7, 13, 19, 43
List the prime factors of 5236446.
2, 3, 101, 8641
What are the prime factors of 3960577?
23, 172199
List the prime factors of 2863013.
199, 14387
What are the prime factors of 4214472?
2, 3, 41, 4283
List the prime factors of 32817870.
2, 3, 5, 364643
What are the prime factors of 3913284?
2, 3, 83, 3929
What are the prime factors of 373245?
3, 5, 149, 167
List the prime factors of 506716.
2, 7, 18097
List the prime factors of 4255701.
3, 1418567
List the prime factors of 3327419.
3327419
What are the prime factors of 163065?
3, 5, 7, 1553
What are the prime factors of 131964?
2, 3, 7, 1571
What are the prime factors of 4726230?
2, 3, 5, 257, 613
What are the prime factors of 2348759?
7, 421, 797
List the prime factors of 7664842.
2, 23, 166627
List the prime factors of 9127394.
2, 4563697
List the prime factors of 1394547.
3, 7, 11, 6037
List the prime factors of 6026104.
2, 7, 107609
What are the prime factors of 93954?
2, 3, 7, 2237
List the prime factors of 1431550.
2, 5, 28631
What are the prime factors of 5282181?
3, 586909
What are the prime factors of 564407?
564407
List the prime factors of 830028.
2, 3, 263
List the prime factors of 1346571.
3, 53, 941
List the prime factors of 1069005.
3, 5, 7, 10181
List the prime factors of 2735325.
3, 5, 12157
What are the prime factors of 6959557?
11, 113, 509
What are the prime factors of 157162?
2, 179, 439
List the prime factors of 385708.
2, 211, 457
What are the prime factors of 6509032?
2, 401, 2029
List the prime factors of 1127849.
1127849
List the prime factors of 358520.
2, 5, 8963
What are the prime factors of 1547474?
2, 19, 193, 211
List the prime factors of 156504.
2, 3, 6521
List the prime factors of 955272.
2, 3, 53, 751
List the prime factors of 197046.
2, 3, 41, 89
List the prime factors of 3451569.
3, 11, 104593
What are the prime factors of 582193?
577, 1009
List the prime factors of 922940.
2, 5, 46147
What are the prime factors of 12655215?
3, 5, 281227
What are the prime factors of 873387?
3, 53, 1831
What are the prime factors of 3459214?
2, 11, 97, 1621
List the prime factors of 298030.
2, 5, 29803
List the prime factors of 1130901.
3, 173, 2179
What are the prime factors of 137250?
2, 3, 5, 61
List the prime factors of 745806.
2, 3, 124301
What are the prime factors of 3977494?
2, 227, 8761
List the prime factors of 21435961.
21435961
What are the prime factors of 805790?
2, 5, 19, 4241
List the prime factors of 331905.
3, 5, 7, 29, 109
List the prime factors of 3275421.
3, 1091807
List the prime factors of 1830490.
2, 5, 163, 1123
List the prime factors of 4162727.
4162727
What are the prime factors of 60993?
3, 251
List the prime factors of 391107.
3, 130369
List the prime factors of 92636.
2, 23159
What are the prime factors of 2567094?
2, 3, 427849
What are the prime factors of 3173448?
2, 3, 23, 5749
What are the prime factors of 3565092?
2, 3, 23, 12917
List the prime factors of 19171685.
5, 13, 294949
List the prime factors of 1912198.
2, 19, 50321
What are the prime factors of 100501?
100501
List the prime factors of 1169333.
11, 106303
List the prime factors of 1430710.
2, 5, 173, 827
List the prime factors of 3175977.
3, 7, 151237
List the prime factors of 181838.
2, 23, 59, 67
List the prime factors of 14660746.
2, 7330373
List the prime factors of 186557.
7, 29, 919
List the prime factors of 3068595.
3, 5, 19, 37, 97
What are the prime factors of 532927?
409, 1303
What are the prime factors of 453000?
2, 3, 5, 151
List the prime factors of 19063499.
7, 13, 29927
List the prime factors of 1161867.
3, 7, 61, 907
List the prime factors of 69896.
2, 8737
What are the prime factors of 34571?
181, 191
List the prime factors of 450001.
450001
What are the prime factors of 3455712?
2, 3, 13, 71
List the prime factors of 2995141.
19, 157639
List the prime factors of 2578947.
3, 7, 227, 541
List the prime factors of 788883.
3, 439, 599
List the prime factors of 9015.
3, 5, 601
List the prime factors of 138352.
2, 8647
What are the prime factors of 4334647?
883, 4909
List the prime factors of 426492.
2, 3, 11, 359
List the prime factors of 19879337.
23, 864319
What are the prime factors of 257590?
2, 5, 25759
What are the prime factors of 2940997?
1229, 2393
List the prime factors of 262521.
3, 7, 463
List the prime factors of 401532.
2, 3, 33461
List the prime factors of 7373810.
2, 5, 311, 2371
What are the prime factors of 344116?
2, 86029
What are the prime factors of 6858653?
37, 185369
What are the prime factors of 3658865?
5, 7, 107, 977
List the prime factors of 5034773.
5034773
List the prime factors of 16081406.
2, 11, 730973
List the prime factors of 738749.
11, 239, 281
What are the prime factors of 10295104?
2, 160861
List the prime factors of 16008994.
2, 2383, 3359
List the prime factors of 969536.
2, 15149
List the prime factors of 788606.
2, 7, 13, 619
List the prime factors of 1829159.
211, 8669
What are the prime factors of 13433?
7, 19, 101
What are the prime factors of 860273?
263, 3271
What are the prime factors of 144632?
2, 101, 179
List the prime factors of 1601292.
2, 3, 7, 11, 1733
List the prime factors of 11230292.
2, 19, 107, 1381
What are the prime factors of 6321662?
2, 1693, 1867
What are the prime factors of 9814732?
2, 431, 5693
List the prime factors of 122343.
3, 13, 3137
List the prime factors of 95483.
95483
List the prime factors of 736102.
2, 193, 1907
List the prime factors of 435091.
23, 18917
List the prime factors of 6364417.
307, 20731
What are the prime factors of 1276142?
2, 7, 91153
List the prime factors of 122265.
3, 5, 11, 13, 19
What are the prime factors of 2815090?
2, 5, 281509
List the prime factors of 69948.
2, 3, 29, 67
What are the prime factors of 697691?
697691
List the prime factors of 1137331.